eatest common factor of 215 and 125730753.
43
What is the highest common divisor of 10052 and 48930?
14
Calculate the highest common divisor of 8 and 288712120.
8
What is the greatest common factor of 387930 and 24125?
965
Calculate the greatest common divisor of 7892 and 698434108.
7892
Calculate the highest common factor of 10885 and 52700505.
1555
What is the greatest common divisor of 166422135 and 2530?
1265
What is the greatest common factor of 14 and 8668849?
7
What is the highest common divisor of 153 and 3875116?
17
Calculate the highest common factor of 3239057 and 2269205.
6217
What is the highest common factor of 13856326 and 374?
374
What is the highest common factor of 5896 and 24044089?
67
What is the greatest common divisor of 56808 and 820989?
27
What is the highest common divisor of 39 and 271927409?
13
Calculate the highest common factor of 35951865 and 51045.
1245
Calculate the greatest common divisor of 2874 and 55620522.
2874
What is the highest common divisor of 72 and 21488652?
36
Calculate the highest common divisor of 1694950 and 2739910.
3110
What is the highest common factor of 17955 and 6234660?
855
What is the greatest common divisor of 46066400 and 2650?
50
What is the highest common divisor of 13450817 and 477?
53
What is the greatest common divisor of 60 and 769255965?
15
What is the highest common divisor of 24451 and 6365743?
499
Calculate the greatest common factor of 808339 and 94017.
259
What is the highest common factor of 8970603 and 67248?
1401
Calculate the highest common divisor of 811987 and 485.
97
What is the highest common divisor of 1500453 and 23733?
2637
Calculate the greatest common factor of 622 and 1906855759.
311
Calculate the greatest common factor of 6994708 and 42.
14
What is the highest common divisor of 379790 and 693641?
233
What is the greatest common factor of 333976 and 365368?
872
What is the greatest common divisor of 3271021 and 3914?
19
Calculate the greatest common factor of 56431840 and 32.
32
What is the greatest common factor of 84 and 462994?
14
What is the highest common factor of 494 and 1920776?
26
What is the greatest common factor of 67680 and 42084000?
1440
Calculate the greatest common factor of 16168 and 841864.
376
Calculate the highest common divisor of 140716 and 906344.
1108
What is the highest common factor of 35464 and 18236?
4
Calculate the highest common factor of 206777 and 76.
19
Calculate the greatest common factor of 637 and 4259521.
49
What is the highest common divisor of 852608 and 296?
8
Calculate the highest common factor of 84166505 and 6410.
3205
What is the highest common divisor of 173696 and 32936?
184
Calculate the highest common factor of 1653 and 5376165.
87
Calculate the greatest common divisor of 182377 and 2821.
13
What is the greatest common divisor of 1427206 and 377?
29
Calculate the greatest common factor of 9590955 and 1332.
111
What is the greatest common factor of 153917 and 22499?
149
What is the greatest common factor of 17641 and 435479?
59
What is the highest common factor of 396 and 50863692?
132
What is the greatest common factor of 9450 and 23203950?
1050
What is the greatest common factor of 2781 and 87859?
103
What is the greatest common factor of 10416 and 152016?
48
Calculate the greatest common divisor of 4836 and 17527152.
372
What is the greatest common factor of 64 and 54893632?
64
Calculate the highest common divisor of 20468742 and 199080.
3318
Calculate the greatest common divisor of 49623252 and 588.
84
What is the greatest common divisor of 49840 and 28?
28
What is the greatest common factor of 3883 and 145387?
11
What is the highest common factor of 8687144 and 8?
8
Calculate the highest common divisor of 5844 and 51963.
3
Calculate the highest common factor of 6608 and 6018.
118
What is the highest common divisor of 12802 and 31663564?
74
What is the highest common divisor of 650 and 2107274?
26
Calculate the highest common divisor of 38013836 and 5236.
476
Calculate the highest common factor of 44138 and 22896968.
1522
Calculate the highest common divisor of 33033858 and 858.
858
What is the highest common factor of 1440 and 330288?
48
Calculate the greatest common divisor of 3555 and 158553.
711
What is the greatest common factor of 182 and 4767070?
14
What is the highest common divisor of 348 and 940789?
29
Calculate the greatest common factor of 5578634 and 15554.
202
Calculate the highest common factor of 184 and 7820408.
8
What is the highest common factor of 12 and 7931572?
4
What is the greatest common divisor of 122 and 830175291?
61
Calculate the greatest common divisor of 340 and 943330.
170
What is the greatest common factor of 7500 and 99250?
250
What is the greatest common factor of 22432 and 872?
8
Calculate the greatest common factor of 124362 and 41034854.
4606
What is the highest common divisor of 5340 and 1407891000?
5340
What is the greatest common divisor of 45236 and 2294675?
263
What is the highest common factor of 12649 and 79925?
139
What is the greatest common divisor of 1406 and 2127722?
74
Calculate the highest common factor of 2533226 and 1640.
82
What is the greatest common divisor of 2248774 and 198?
22
Calculate the greatest common factor of 482 and 19702.
2
Calculate the greatest common factor of 21333 and 406653.
39
What is the highest common factor of 678 and 215858702?
226
Calculate the greatest common divisor of 4608056 and 2096.
1048
Calculate the highest common factor of 1640 and 5140990.
410
Calculate the highest common divisor of 1031591 and 506.
11
What is the greatest common factor of 18 and 11180718?
18
Calculate the highest common divisor of 18881300 and 129.
43
Calculate the highest common divisor of 3380240 and 12760.
1160
Calculate the highest common factor of 1450 and 458084.
58
What is the greatest common divisor of 10430 and 6162940?
70
What is the highest common factor of 809496 and 1800?
72
Calculate the highest common divisor of 38879938 and 106542.
3946
What is the highest common factor of 20014240 and 1120?
160
Calculate the greatest common divisor of 17464 and 1089376.
472
Calculate the highest common factor of 663 and 12496819.
17
What is the highest common factor of 2968 and 9890648?
424
Calculate the highest common divisor of 4529490 and 840.
210
Calculate the greatest common divisor of 25414116 and 45177.
4107
Calculate the greatest common divisor of 256 and 90887456.
32
What is the highest common factor of 3403 and 1757383?
41
Calculate the greatest common divisor of 58932056 and 16.
8
What is the greatest common divisor of 80 and 5013570?
10
Calculate the greatest common factor of 539688 and 246.
6
What is the highest common divisor of 1342980 and 19548?
108
What is the highest common divisor of 1023319 and 25707?
451
Calculate the greatest common divisor of 11632 and 167020253.
727
What is the greatest common divisor of 516644 and 748159?
2437
What is the greatest common factor of 12259031 and 1356?
113
What is the greatest common factor of 1301446 and 7742?
158
Calculate the greatest common factor of 1123034 and 30514.
22
Calculate the highest common divisor of 120620685 and 240.
15
Calculate the highest common divisor of 3725 and 657565310.
745
Calculate the greatest common factor of 129636765 and 36.
9
Calculate the highest common divisor of 49024046 and 106.
106
What is the highest common divisor of 6022860 and 111?
111
What is the highest common factor of 5263 and 706627?
277
What is the highest common factor of 525159 and 4302?
9
Calculate the highest common factor of 4766926 and 1484.
106
What is the highest common divisor of 6678270920 and 20?
20
Calculate the highest common divisor of 5 and 2310214.
1
Calculate the highest common factor of 1147254876 and 90.
18
What is the highest common factor of 13860648 and 216?
72
Calculate the highest common divisor of 29138 and 43825266.
1714
Calculate the greatest common divisor of 232785 and 1715.
35
Calculate the greatest common divisor of 1781 and 5281761.
137
Calculate the greatest common divisor of 21 and 17923521.
21
Calculate the highest common divisor of 38 and 17149799.
19
Calculate the greatest common factor of 788139 and 24658569.
3771
Calculate the highest common factor of 11 and 